What is the tens digit of h?
2
Suppose -d + 4*l = 4*d - 12, l - 2 = 0. Suppose s - 4*s = 5*o - 422, -148 = -2*o + d*s. Let m = -42 + o. What is the tens digit of m?
4
Let x be 5 - (12 - 4) - (0 + -45). Let w = 19 - 35. Let s = x + w. What is the tens digit of s?
2
Let w = 720 + -509. What is the hundreds digit of w?
2
Let l = 49 - 30. Suppose -16*h = -l*h + 195. What is the tens digit of h?
6
Let d(q) = -10*q + 2. What is the tens digit of d(-5)?
5
Let l = -2 + 16. Suppose l*k + 100 = 19*k. What is the units digit of k?
0
Suppose -2*m + 30 + 0 = 0. Suppose 0*i = 5*i + m. What is the units digit of (i/2)/(9/(-156))?
6
Suppose 2*n = 5*q - 4, 2*n + 0*q = 3*q. Suppose 0 = 4*t - 5*b - 104 - 39, -n*t + 3*b + 108 = 0. What is the tens digit of t?
3
What is the units digit of (15/12)/(17/9860)?
5
Suppose -b = 0, 5*b - 847 - 404 = -r. What is the hundreds digit of r?
2
Let n(q) = -q - 5. Let c be n(-7). Suppose -220 = -c*y + 28. Suppose -y = 9*p - 13*p. What is the tens digit of p?
3
Let v = 6879 + -4356. What is the units digit of v?
3
What is the units digit of (-25)/200 - (-4337)/8?
2
Let k = 1530 + 521. What is the units digit of k?
1
Suppose -5*q + 11 = -4. Suppose 4*w - 105 = -5*n + 200, -w + 5 = 0. Suppose -q*k = n - 204. What is the units digit of k?
9
Let u(t) = t - 2. Let h be u(6). Suppose 5*v = -h*o + 187, 5*o - 4*v - 147 = 97. What is the tens digit of o?
4
Let p(j) = 4*j**2 - 4*j. Let d be p(1). Suppose 5*u - w + 0*w - 219 = d, -93 = -2*u - 5*w. What is the units digit of u?
4
Suppose 102*z - 17928 = 66*z. What is the tens digit of z?
9
Suppose -311*o + 291*o = -26240. What is the tens digit of o?
1
Suppose b + 14390 = 5*p, 2878 = 8*p - 7*p + 2*b. What is the hundreds digit of p?
8
Let m(p) = p**3 + 3*p**2 + 2*p. Suppose -3*d = 3*a - d + 8, -a + 4*d = -2. Let i be m(a). What is the units digit of (i - -2)*(20 - -2)?
4
Suppose -4*a - 14 + 18 = 0. What is the units digit of (a - 116/6)/((-2)/6)?
5
Let u(x) = 11*x + 504. What is the thousands digit of u(55)?
1
Suppose 7*a - 4 - 3 = 0. What is the tens digit of 139 + (-3 + 2)*a?
3
Let a(h) = 1044*h**3 - 2*h**2 - 3*h + 3. What is the thousands digit of a(1)?
1
Suppose f - 3 = -4. Let n be f/(-2)*0*1. Suppose n = j - 37 - 1. What is the tens digit of j?
3
Suppose 0 = -2*t - 3*d + 665, -3*t + 1097 = d + 89. What is the hundreds digit of t?
3
Suppose -16*c = 3100 - 44396. What is the units digit of c?
1
Suppose -2*p + 16 = -522. Suppose g + p = 5*g - 5*y, 151 = 2*g + 3*y. What is the units digit of g?
1
Suppose -4*g - 178 = 26. Let s = -32 - g. What is the tens digit of s?
1
Suppose 11*a - 12 = 7*a. Suppose a*k - 206 = -5*j, 3*k - 3*j = -7*j + 205. What is the units digit of k?
7
Let x be (45/(-18))/(((-3)/2)/3). Suppose 0 = -2*c - y + x*y + 40, 0 = -y - 1. What is the units digit of c?
8
Let m = 1239 - 425. What is the tens digit of m?
1
Suppose 17309 - 70523 = -42*s. What is the hundreds digit of s?
2
Suppose 0 = -5*p - 6*v + 3*v + 95, -4*p = -5*v - 76. Let w = p + -15. What is the tens digit of (9/w)/((-1)/(-12))?
2
Let u = 1 - 1. Let h(n) = n**2 + 6*n + 10. Let t be h(-10). Let x = u + t. What is the tens digit of x?
5
What is the tens digit of (130/(-15))/(24/(-1116))?
0
Suppose -a - 1 = 1. Let h(d) = d**3 + 2*d**2 + 4*d + 3. Let q be h(a). Let y = q - -22. What is the units digit of y?
7
Suppose 424 = 2*t + 4*z, -5*z + 2*z - 15 = 0. What is the tens digit of t?
2
Let t be -7 + (-3)/(-2)*-2. Let l = t + 17. Suppose -3*h = -4*d - 97, -4*d + l*d = -3. What is the tens digit of h?
3
Let l(p) be the third derivative of -1/12*p**4 + 0 + 6*p**2 + 1/60*p**5 + 0*p + 2/3*p**3. What is the tens digit of l(4)?
1
Let n = -4 + 8. Suppose -314 = -3*v - 5*j, 5*v - n*j = 2*v + 278. What is the tens digit of v?
9
Let z(m) = -6*m**2 + 4*m + 4. Let w be z(-1). What is the tens digit of (-699)/(-6)*w/(-3)?
3
Suppose -12 = -3*p - 4*i + 81, -62 = -2*p + 5*i. Suppose 2*u + 65 = j, -u = -j + p + 2. Let a = 63 + u. What is the units digit of a?
1
Let m(y) = -4*y - 49. Let q be m(6). Let p = 147 + q. What is the units digit of p?
4
Let j(r) = 2 + 0*r - r - 4 + 3. Let g be j(-3). Suppose -3*q = 5*a - 60 - 12, -4*a = g*q - 104. What is the tens digit of q?
2
Let t(u) be the second derivative of u**3/6 + u**2/2 - 3*u. Let v be t(-7). Let o = v + 16. What is the units digit of o?
0
Let o(r) = -2*r**2 - 18*r - 17. Let z be o(-7). What is the tens digit of ((-644)/2 - (7 - z))/(-2)?
5
Let k = -141 - -240. Suppose 0*u = -3*u + k. What is the units digit of u?
3
Let d = 1784 + -1120. What is the units digit of d?
4
Let j(z) = -8*z**3 - 45*z**2 - 6*z + 3. What is the tens digit of j(-7)?
8
Suppose 0 = -97*g + 68*g + 76531. What is the hundreds digit of g?
6
Let b(v) = 31*v - 75. Let m(k) = 6*k - 15. Let s(a) = -2*b(a) + 11*m(a). Suppose -21*h + 50 = -16*h. What is the tens digit of s(h)?
2
Let v = 10 + -17. Let c(t) = -t**2 - 16*t + 1. Let k be c(v). Suppose 2*h - k = 4*p, -4*h - 3*p - 2*p = -63. What is the tens digit of h?
2
Suppose 8*q - 12*q = 756. Let b = 280 + q. What is the tens digit of b?
9
Suppose 3*m + 4*b - 1366 = m, 4*b = 2*m - 1374. Suppose -l = -2*k - 3*k + m, -l - 548 = -4*k. What is the tens digit of k?
3
Let f = -4 - -10. Suppose -2*n + f*n = 152. Suppose 3*c - a = -2*c + n, -4*c + a + 31 = 0. What is the units digit of c?
7
Let x = -89 - -84. Let q(o) = 3*o**2 + 3. Let n(r) = -4*r**2 - 4. Let s(g) = 2*n(g) + 3*q(g). What is the units digit of s(x)?
6
Let f be (-4 - 0)*(-7)/(-4). Let u(j) = j**2 - 9*j. What is the tens digit of u(f)?
1
Suppose -33 = -2*i - 5. Let m = 49 + i. What is the units digit of m?
3
Let f = -139 + 105. What is the tens digit of (f/(-4))/(5/170)?
8
Let v = 897 + 700. What is the thousands digit of v?
1
Suppose -3*p = -6*p + 78. Suppose 5*i + 73 = s, 2*i - 9*s + 5*s = -22. Let r = i + p. What is the tens digit of r?
1
Let f = 39 - 19. Let m = -134 + 138. Suppose 0 = -0*l - m*l + f. What is the units digit of l?
5
Let w = 63 - 19. Suppose x = -4*n + w + 96, x - 32 = -n. What is the units digit of n?
6
Let q(n) = -17*n**3 - 64*n**2 + 2*n + 2. What is the tens digit of q(-7)?
8
Let k(s) = 2*s. Let z be k(8). Suppose 0 = -5*o - 3*o. Suppose o = -u + z + 23. What is the units digit of u?
9
Suppose 2923 + 3589 = 4*h. What is the hundreds digit of h?
6
Suppose p - 30*c + 35*c - 2268 = 0, 5*c = 5. What is the thousands digit of p?
2
What is the hundreds digit of 6/(-8) + 81080/160?
5
Suppose -20 = n - 12. Let c be (-2)/n - 90/(-24). Suppose -2*s + 0*b = 4*b - 18, c*b = 4*s. What is the units digit of s?
3
Let g = -10 + 10. Suppose 3*v + v - 20 = g. Let u = v + 5. What is the units digit of u?
0
Let p(i) = i. Let d(o) = -2*o. Let w(m) = -2*m - 11. Let h be w(-4). Let u(s) = h*p(s) - d(s). What is the units digit of u(-2)?
2
Suppose -h = d + 2*d - 67, 3*h = 4*d + 175. Suppose -3*t = 3*p - 150, 93 = 3*t + 4*p - h. What is the tens digit of t?
4
Let y(f) = f**2 - 2*f**2 + 0*f**2 + 3 - 1 + f. Let t be y(2). Suppose -z - 2*z - o + 121 = t, 3*o - 76 = -2*z. What is the tens digit of z?
4
Let w = -60 + 57. What is the units digit of w + 7 + (5 - -1)?
0
Let c = 1997 - 1325. What is the tens digit of c?
7
Let b(i) = i**2 + 4*i + 18. Let f be b(-8). What is the units digit of f + (12/6 - (-2 + 0))?
4
Suppose -26*j + 7204 = -1714. What is the tens digit of j?
4
Let r = 1263 - 961. What is the tens digit of r?
0
Let s = 12 - 20. Let h = 11 + -15. What is the units digit of (-3 + (h - s))*12?
2
Let f be (-3)/6*(-2 - 4). Suppose -2*c = -0*g - g - 5, g = -f*c - 5. Suppose -4*j + 222 - 2 = c. What is the units digit of j?
5
Suppose 61 = 4*i - 51. Suppose -587 = -4*g + y, -5*y - i = g - 201. What is the tens digit of g?
4
Suppose 0 = 3*k - 12, 0*u + 2*u + 2*k = 16. Let x be u*-1*(-12)/6. Let g = 13 + x. What is the tens digit of g?
2
Suppose -12*t = -494 - 14566. What is the units digit of t?
5
Let f(i) = -i + 6. Suppose -2*j + 15 = j. Let x be f(j). What is the tens digit of -4 + 4 + 24 + x?
2
Suppose -3*n + 12 = 3*h, 4*n - 17 = 4*h + 7. What is the tens digit of (n + -2 + -4 - 1) + 56?
5
Let u(r) be the third derivative of r**6/120 + r**5/30 - r**4/24 + r**3/6 - 5*r**2. Let i be u(-2). Suppose a - i*a + 20 = 0. What is the units digit of a?
0
Suppose -4*v = 2 + 10, -4194 = -3*y + 2*v. What is the thousand